2120 (base 4) to base 15.
-a2
-516 (base 15) to base 14
-5bc
-5755 (base 9) to base 2
-1000010100110
Convert -5304 (base 8) to base 13.
-1340
7010 (base 8) to base 11
2776
Convert -2208 (base 9) to base 10.
-1628
Convert -1102 (base 4) to base 2.
-1010010
What is 166a (base 11) in base 7?
6135
What is 141324 (base 5) in base 7?
23011
What is -10a64 (base 13) in base 7?
-154302
Convert 304002 (base 5) to base 12.
5871
-1413122 (base 5) to base 8
-70752
-24b4 (base 12) to base 14
-173a
Convert 36944 (base 10) to base 12.
19468
-4365 (base 7) to base 2
-11000011110
What is -1314531 (base 6) in base 12?
-35a47
-6520 (base 7) to base 4
-210031
Convert 7919 (base 14) to base 11.
14857
What is 361664 (base 7) in base 4?
33333212
Convert 8808 (base 13) to base 16.
49f8
Convert -111130 (base 5) to base 11.
-2a3a
Convert -231a (base 11) to base 14.
-1178
What is -1b8 (base 13) in base 3?
-102212
1aa (base 11) to base 4
3301
What is -9363 (base 10) in base 7?
-36204
Convert -22312110 (base 4) to base 5.
-2410221
What is 574 (base 10) in base 9?
707
Convert -2668 (base 9) to base 16.
-7d6
Convert 1420 (base 6) to base 14.
1c8
What is 11022133 (base 4) in base 9?
32011
-11302110 (base 4) to base 10
-23700
Convert -bac7 (base 14) to base 5.
-2013234
2546 (base 9) to base 8
3561
What is -23241 (base 5) in base 9?
-2284
20200011 (base 3) to base 14
1ab6
What is -7180 (base 9) in base 16?
-1488
-1046 (base 12) to base 14
-914
What is 860 (base 12) in base 8?
2310
Convert -1b478 (base 12) to base 8.
-116734
-7a (base 12) to base 11
-86
What is -6138 (base 11) in base 9?
-12153
Convert 658 (base 12) to base 2.
1110100100
337 (base 8) to base 6
1011
What is 11155 (base 6) in base 11?
120a
Convert -20234 (base 7) to base 5.
-124200
What is -3223 (base 4) in base 13?
-151
What is 1201122122 (base 3) in base 2?
1000010011011010
Convert -1022011212 (base 3) to base 4.
-12100232
What is 104 (base 9) in base 16?
55
-110111111010 (base 2) to base 14
-1438
10101211 (base 4) to base 16
4465
What is -10021011102 (base 3) in base 6?
-1213315
-1121101 (base 3) to base 5
-14141
What is -11011 (base 5) in base 8?
-1364
430205 (base 6) to base 4
20203331
Convert 6240 (base 8) to base 14.
126c
Convert -4664 (base 7) to base 8.
-3260
Convert 544 (base 7) to base 14.
15b
-350120 (base 6) to base 3
-1111221210
Convert -3323 (base 5) to base 11.
-391
23310 (base 4) to base 9
1030
b38 (base 16) to base 8
5470
-d1a (base 14) to base 11
-1a29
What is -1aa7 (base 11) in base 13?
-1296
Convert 11e4 (base 15) to base 4.
323212
What is 352 (base 11) in base 9?
516
What is 210112 (base 4) in base 5?
33301
What is 356 (base 7) in base 11?
161
What is 872 (base 14) in base 6?
11420
What is -446 (base 16) in base 10?
-1094
What is -2443 (base 7) in base 2?
-1110010001
What is -3516 (base 7) in base 10?
-1287
Convert -6235 (base 7) to base 9.
-2884
Convert -10012121 (base 4) to base 15.
-4e98
-100240 (base 5) to base 11
-2445
Convert 50255 (base 6) to base 5.
202322
-435 (base 11) to base 12
-376
-76e2 (base 16) to base 4
-13123202
Convert 600 (base 16) to base 14.
7ba
-b9c8 (base 14) to base 8
-76574
Convert -7467 (base 14) to base 5.
-1120313
Convert 137 (base 16) to base 6.
1235
-1021000021 (base 3) to base 6
-310441
-5ee (base 16) to base 6
-11010
4652 (base 8) to base 6
15242
Convert 64233 (base 8) to base 13.
c25c
What is -14206 (base 7) in base 6?
-25541
Convert -1826 (base 10) to base 8.
-3442
-a8 (base 14) to base 7
-301
221221022 (base 3) to base 7
106061
-fa (base 16) to base 6
-1054
Convert -215f (base 16) to base 3.
-102201102
Convert 80b2 (base 12) to base 5.
421313
Convert -111224 (base 5) to base 4.
-331203
What is 17356 (base 8) in base 7?
32041
-1508 (base 15) to base 5
-121013
What is -1100 (base 4) in base 11?
-73
Convert -72 (base 13) to base 6.
-233
What is -1334 (base 7) in base 11?
-429
What is 1483b (base 12) in base 5?
1410342
1100010011100 (base 2) to base 3
22122100
What is -3003 (base 4) in base 12?
-143
11403 (base 6) to base 11
1279
123202 (base 4) to base 11
1362
18071 (base 11) to base 6
313235
Convert 5024 (base 11) to base 8.
15031
Convert -6534 (base 13) to base 6.
-145050
1304101 (base 5) to base 12
12932
254 (base 10) to base 6
1102
What is cefe (base 16) in base 8?
147376
-4077 (base 16) to base 6
-204223
4b67 (base 13) to base 10
10732
Convert -8649 (base 10) to base 6.
-104013
What is -1a6 (base 16) in base 7?
-1142
100 (base 4) to base 8
20
Convert -646a (base 15) to base 9.
-32131
Convert -101100111100001 (base 2) to base 16.
-59e1
What is -215a (base 14) in base 4?
-1122010
1053 (base 9) to base 14
3d7
-1475 (base 9) to base 11
-92a
Convert 4e5e (base 16) to base 4.
10321132
What is 16ab7 (base 15) in base 2?
10001111001010001
What is 247 (base 14) in base 8?
707
What is 52a (base 15) in base 4?
102031
-2bc (base 16) to base 5
-10300
What is 144014 (base 6) in base 5?
420314
-ac6 (base 15) to base 14
-c60
What is 14240 (base 7) in base 4?
330323
Convert 110403 (base 8) to base 7.
213142
Convert 20021 (base 4) to base 3.
201022
-101010010 (base 2) to base 14
-1a2
What is -1cb (base 14) in base 16?
-177
What is -1f9 (base 16) in base 7?
-1321
Convert -38550 (base 10) to base 7.
-220251
12101200 (base 3) to base 14
160d
Convert -111011001011 (base 2) to base 10.
-3787
What is -1d88 (base 16) in base 5?
-220220
-3303001 (base 4) to base 12
-9001
What is -2211021 (base 3) in base 14?
-a71
What is -1144 (base 9) in base 13?
-505
Convert 20b (base 12) to base 14.
175
-399 (base 11) to base 7
-1242
Convert -110110 (base 4) to base 9.
-1704
-e47 (base 16) to base 12
-2147
What is -80 (base 12) in base 9?
-116
Convert -1112 (base 3) to base 7.
-56
Convert -1001011101101001 (base 2) to base 12.
-1a521
-83 (base 16) to base 2
-10000011
Convert 608a (base 11) to base 13.
38ab
Convert -11442 (base 5) to base 12.
-608
What is 10505 (base 6) in base 15?
68b
What is -5199 (base 10) in base 8?
-12117
What is -15a (base 13) in base 8?
-364
53 (base 10) to base 6
125
What is -1815 (base 14) in base 2?
-1000011101011
-9b6 (base 15) to base 9
-3010
What is 22065 (base 7) in base 9?
7530
Convert -1013 (base 6) to base 13.
-144
What is 7224 (base 11) in base 6?
112213
-3f7 (base 16) to base 5
-13030
Convert -14a0 (base 12) to base 13.
-1146
-ab5 (base 12) to base 7
-4412
Convert -2 (base 12) to base 11.
-2
What is 3133 (base 5) in base 11?
350
What is 1878 (base 9) in base 13?
875
-1561 (base 7) to base 8
-1167
What is -38ca (base 16) in base 2?
-11100011001010
3125 (base 6) to base 7
2021
What is 1010101100110011 (base 2) in base 12?
21443
42a (base 14) to base 11
688
120 (base 3) to base 16
f
Convert -20022012 (base 3) to base 6.
-33135
1220222 (base 4) to base 11
503a
6616 (base 13) to base 8
33607
What is -24422 (base 5) in base 13?
-b03
What is -41346 (base 7) in base 14?
-3996
What is -773 (base 9) in base 4?
-21321
Convert -20233 (base 4) to base 11.
-469
What is -220112 (base 3) in base 4?
-22112
12111012 (base 3) to base 7
14444
Convert 2410 (base 5) to base 10.
355
What is -15984 (base 11) in base 6?
-252021
322132 (base 4) to base 3
12010121
1000000010 (base 2) to base 13
307
Convert 10103 (base 4) to base 3.
101012
-1101000100 (base 2) to base 6
-3512
Convert 2a52 (base 12) to base 13.
2345
2559 (base 10) to base 13
121b
-102035 (base 8) to base 3
-1201101122
What is 839 (base 14) in base 8?
3123
What is -142420 (base 6) in base 4?
-3103230
Convert 142 (base 14) to base 9.
312
-d63 (base 14) to base 6
-20111
Convert -41673 (base 8) to base 16.
-43bb
54610 (base 9) to base 10
36216
20124 (base 5) to base 11
a72
-26 (base 14) to base 9
-37
Convert -163643 (base 7) to base 5.
-2020232
What is -14420 (base 5) in base 8?
-2323
1221233 (base 4) to base 14
2675
473 (base 10) to base 9
575
-24505 (base 8) to base 9
-15438
Convert -4341 (base 5) to base 10.
-596
-2312 (base 6) to base 7
-1412
Convert -1e1 (base 15) to base 8.
-664
Convert -1322 (base 4) to base 9.
-145
Convert -5307 (base 9) to base 10.
-3895
What is -504 (base 9) in base 14?
-213
What is -a732 (base 11) in base 16?
-3770
Convert 97b4 (base 12) to base 13.
77a4
-347 (base 10) to base 3
-110212
Convert -615 (base 11) to base 12.
-51a
707 (base 13) to base 16
4a6
-4 (base 6) to base 11
-4
2c5 (base 16)